 Let w(s) = s**3 + 6*s**2 - 8*s - 10. Let u be w(-7). Determine c(u).
9
Let u(o) = o**3 - 3*o**2 - 2*o + 4. Let j(x) = -x**3 + 4*x**2 + x - 5. Suppose 0*s + 27 = 9*s. Let l(d) = s*u(d) + 2*j(d). Calculate l(3).
8
Suppose -5 = -p - 2. Let z = 18 - p. Let x = z - 21. Let g(k) = -k**2 - 5*k - 4. What is g(x)?
-10
Let m(r) = -r**2 - 9*r - 9. Suppose -4*p - p = -4*g + 24, 3*g - 18 = -5*p. Suppose g*t = -0*t - 42. Calculate m(t).
5
Let y(q) = -q**3 - q**2 - q - 5. Let n = 8 + -5. Suppose p - k - 7 = 0, 20 = 5*p + 2*k - 4*k. Let a be p + n*8/(-12). Give y(a).
-5
Let c(r) = 27 - 7 - 6*r - r**3 + 9*r**2 - 14 - 9. Calculate c(8).
13
Let t(o) be the first derivative of -9/2*o**2 - 3 - 8*o - 1/3*o**3. Let u = -4 - 3. Determine t(u).
6
Let d = 205 - 199. Let t(n) = -n**2 - 4*n + 10. Let s be 32/(-12) + (-1)/3. Let w(m) = 2*m**2 + 3*m - 11. Let c(h) = s*t(h) - 2*w(h). Determine c(d).
-8
Let l(v) = -5*v - 10. Let m = 281 - 285. Calculate l(m).
10
Let q(h) = 2*h**2 - 2*h + 1. Let j = 105 + -56. Let f = j - 48. Give q(f).
1
Let n be 16/4 + 0/2. Let o(z) = -z - 3. Let r be o(-5). Let j(d) = -6*d + 5 + 0 + 126*d**2 - 125*d**r. What is j(n)?
-3
Suppose -2*z - 1 = -7. Let i(q) = -q**2 + 0 - 2*q**z + 14*q - 1 - 13*q. Let p be (6/4)/(3/(-4)). What is i(p)?
9
Let t(g) = 2*g**2 + 14*g - 224. Let m be t(-15). Let u(h) = -7*h + 115. What is u(m)?
3
Let r(a) be the first derivative of a**2/2 - a - 16. Let h(l) = -4*l + 1. Let c(w) = -h(w) - 5*r(w). Give c(-5).
9
Let n = 46 + -31. Let a(q) = -12 + 7 + n - q. What is a(5)?
5
Let y(h) = -h**3 + 3*h**2 - 5*h + 5. Let p(x) = -2*x**3 + 5*x**2 - 11*x + 10. Let n(d) = 2*p(d) - 5*y(d). Give n(5).
10
Let l(y) be the second derivative of -y**5/20 - 2*y**4/3 - 2*y**3/3 - 7*y**2/2 - 2*y + 93. Calculate l(-8).
25
Let i(z) be the second derivative of z**5/20 - 7*z**4/12 - 4*z**3/3 - 190*z. Calculate i(8).
0
Let j(x) = -9*x**3 - 41*x**2 - 81*x + 2. Let n(y) = 4*y**3 + 21*y**2 + 41*y. Let u(s) = -3*j(s) - 7*n(s). Calculate u(-22).
-6
Let t(l) = -2*l**2 + 54*l - 95. Let i be t(25). Let h(y) = 3*y + 3. Calculate h(i).
18
Let o = 26 + -24. Suppose -2*n - 4 = 4*c, 4*n + c = 3*n - o. Let p(v) be the first derivative of -v**4/2 - 2*v**3/3 + v**2 + 2*v - 2. What is p(n)?
6
Let b(g) = -g**3 - 3*g**2 - 8*g - 8. Let d(s) = s**3 + 3*s**2 + 9*s + 9. Suppose 2*p + 2*l - 5 = 11, -l + 2 = 0. Let i(n) = p*b(n) + 5*d(n). What is i(-3)?
6
Let h(s) be the first derivative of -s**4/4 + 2*s**3 - 3*s**2 - 7*s + 2. Suppose -18 = 23*r - 133. What is h(r)?
-12
Let o be (-3 - -2 - -1) + -8 + 27. Let g(r) = o - 33 - 8*r + 15. Determine g(-1).
9
Let i(j) = -j - 2. Suppose 12*r - 11*r = -1. Let v(k) = -2*k. Let u be v(r). Suppose -s - u = 2. Give i(s).
2
Suppose -27 = -3*m + 3. Suppose f = 4*c - 29, 5*c - m = -0*c - 4*f. Let z(i) = 2*i - 2. Give z(c).
10
Let j be 2*(-1 + 2 - 0). Let m(d) = 2 - 4 - d**j - 12*d - 3 - 7. What is m(-11)?
-1
Let f = 2 + -7. Let r(b) = -5 - 2*b + 0 + b + 2. Let n(x) = -5*x - 14. Let p(u) = 2*n(u) - 11*r(u). What is p(f)?
0
Suppose -2*h - 3*m + 1 = 0, -4*h - m + 3 = -2*h. Let k(j) = 5 - j + h - 3 - 1. What is k(0)?
3
Let d(w) = -5*w**2 - w. Let r = -19 - -33. Suppose 3*l - r = -11. Calculate d(l).
-6
Let n(l) = 2*l**2 + 22*l + 3. Let m = 127 + -138. Let q be n(m). Let o(k) = 4*k - 3. Give o(q).
9
Suppose -5*w + 10*w = -15. Let m(t) = t**3 + 3*t**2 + 2*t + 4. Let r be m(w). Let u(g) = 2*g + 2. What is u(r)?
-2
Let y(k) = 3*k. Let z be 2/(-9) - 16/(-72). Suppose z = 6*a - 2*a + 8. Determine y(a).
-6
Let w(s) = s**2 + 2*s - 32. Let y be w(5). Let n(g) = -y + 7 - 1 + 3 - g. What is n(3)?
3
Let r(y) = -4*y + 59. Let n be r(14). Suppose 3*v - n = -4*o, 5*o = 8*o + 3*v - 6. Let z(u) = u**3 + 4*u**2 + u - 2. Determine z(o).
4
Let z(f) = -f**3 + 4*f**2 + 7*f + 1. Let d(k) = -19*k - 1. Let o be d(-1). Suppose -4*j + 2*i + o = 4*i, -4*i - 14 = -2*j. What is z(j)?
11
Let n(z) = -z**3 - 9*z**2 + 2*z + 1. Let h(x) = x**3 + 10*x**2 - x. Let k(f) = 5*h(f) + 6*n(f). Suppose -l = 3*u + 15, -u + 10 = -3*u + 3*l. Determine k(u).
-4
Let t(l) be the second derivative of 0*l**4 + 3/2*l**2 + 0 - 1/3*l**3 - l - 1/20*l**5. What is t(2)?
-9
Let w(q) = -q**2 + 2. Suppose 13*o + 45 - 32 = 0. Give w(o).
1
Let l(k) be the first derivative of 3*k**4/2 - 290. What is l(-2)?
-48
Let k(y) be the third derivative of 0*y + 1/120*y**6 + 1/10*y**5 + 1/6*y**4 - 10*y**2 - y**3 + 0. Calculate k(-5).
-1
Let b(t) = -4*t + 5*t - 5*t + 14 + 5*t. Calculate b(-14).
0
Let h(g) = 3*g - 2. Let r(z) = 3*z - 3. Let i(s) = -s + 11. Let t be i(6). Let q(b) = t*h(b) - 4*r(b). Calculate q(-4).
-10
Let t(k) be the first derivative of -k**4/12 + k**3/6 + 3*k**2/2 - 21*k - 4. Let l(c) be the first derivative of t(c). Calculate l(-3).
-9
Let z = 2 + 0. Let y(b) = 14*b**z + 4 - 13*b**2 - 5*b - 2. Suppose -19*v - 24 = -23*v. Determine y(v).
8
Let s(f) = 14497 - 17*f**2 - 7246 - 7250. Let t be 2*((-15)/(-6) + -2). Calculate s(t).
-16
Let m be -5*(4/(-10) + 9/(-15)). Suppose 2*k + 3*l + 27 = 0, 3*l + 30 = -m*k - 15. Let c(h) = 8 - 6*h + 2*h**2 - 3*h**2 - 4. Give c(k).
4
Let u(a) = -a - 2. Let x(m) = -m**2 + 9*m + 8. Let j be x(9). Let i = j + -18. Let v be ((-12)/i)/(1/(-5)). Give u(v).
4
Let u(t) be the third derivative of -t**4/12 - t**3 - 8*t**2. Suppose 0 = -5*b - 39 + 4. Give u(b).
8
Let t(i) be the first derivative of -i**2 + 4*i + 1. Let m(f) = -11*f**3 + 3*f**2 + 4*f - 11. Let r be m(2). Let d = r - -75. Give t(d).
12
Let x = 1681 + -1690. Let i(k) = k - 11. Calculate i(x).
-20
Let p(y) = -y**3 - 13*y**2 - 3*y - 38. Let h be p(-13). Let d(o) = -8*o**2 + o. What is d(h)?
-7
Let u(h) be the second derivative of 5*h**3/6 - h**2 + 3*h. Let q be u(4). Let o be 2/(-4) - 99/q. Let p(c) = -c**3 - 6*c**2 + 2*c + 6. What is p(o)?
-6
Let k(t) = 17*t**2 + 21*t**2 - 2*t - 36*t**2 + 2. Suppose 85 = -4*o - 11. Let x = -22 - o. Determine k(x).
6
Let p(k) = -4*k**3 + k**2 - 2*k + 3. Let f(n) = -n**3 + 44*n**2 + 90*n + 94. Let l be f(46). What is p(l)?
-29
Let s(d) = d. Let r = -23 + 30. Let w be s(r). Let z(x) = -x - w*x**3 + 1 + 7*x**3 + 10*x**3. Calculate z(1).
10
Suppose 5*b = 5*i, 2*b + 2*b = -i + 20. Suppose -2*q + 10 = -b*q. Let z(a) = -22*a - a**2 + 29*a + 2*a**2 + 4. Calculate z(q).
-6
Let m = -161 - -167. Let v(k) be the first derivative of 3/2*k**2 - 3 - m*k. Calculate v(4).
6
Let d(q) = -2*q**2 + 1. Suppose t = 16*t + 30. What is d(t)?
-7
Let y(x) be the second derivative of x**3/6 - 7*x**2/2 - 5*x. Let l = 295 + -291. What is y(l)?
-3
Let j(s) = -s + 7. Suppose -76 = -8*g + 44. Let o be j(g). Let t(u) = u**3 + 8*u**2. Determine t(o).
0
Let y(u) = u**2 + 4. Suppose 3*j - 2*j = -2. Let n be y(j). Let b(z) = z**2 - 10*z + 12. Calculate b(n).
-4
Let t(r) = -r**2 + 4*r + 2. Let y be t(3). Let j(c) = c**2 - 7*c + 5. What is j(y)?
-5
Let b be (-4035)/(-75) + (-2)/(-10). Let c be ((-4)/3)/((-36)/b). Let a(o) = o**3 - 3*o**2 - 2*o + 3. What is a(c)?
-5
Let b(f) = 5*f + 6. Let z(p) = 4*p + 7. Let x(y) = 5*b(y) - 6*z(y). Give x(13).
1
Let n(x) = 0*x - 6*x - 10*x + 8 - 3*x + 18*x. Suppose -8 = 2*l - 4*l, -4*c + 5*l = -20. What is n(c)?
-2
Let k(q) = q**3 - 17*q**2 + 13*q + 2. Let w be k(16). Let b = 46 + w. Let d(j) = j**2 + j - 6. Determine d(b).
-6
Let i(w) be the second derivative of 5*w**3/6 - 13*w**2/2 - w + 37. Determine i(-10).
-63
Let y(m) = m + 2*m**3 - m**3 - 2*m**3 - 2*m. Let h be 3/(-2)*(-12)/(-9). Determine y(h).
10
Let m(z) = -3*z - 26. Let i(r) = -1. Let v(g) = -g - 10. Let o(b) = i(b) - v(b). Let w(a) = -4*m(a) - 11*o(a). Determine w(-6).
-1
Let r(q) = -94*q + 188*q - 1 - 95*q. Determine r(2).
-3
Suppose 473*c = 462*c - 11. Let h(a) be the third derivative of -2*a**2 - 1/6*a**3 + 0 + 0*a - 7/12*a**4. Determine h(c).
13
Let i(d) = d**2 + 7*d. Suppose -5*x = -s - 1 + 5, 3*x + 24 = -3*s. Calculate i(s).
-6
Let d = 13 + -8. Let y(w) = 14*w - 6 + w**3 - 5*w**2 - 14*w + w**2 - w**2. Give y(d).
-6
Let h(t) be the third derivative of -t**4/12 - 5*t**3/6 - 2*t**2 + 2*t. Give h(-7).
9
Let t = 82 + -80. Let f(z) = z**3 + 2*z**2 + 3*z - 5. Let v(p) be the first derivative of -p**3/3 - p**2/2 + p - 1. Let q(c) = -f(c) - 3*v(c). Calculate q(t).
-2
Suppose -8 = 4*i, 10 = x - 3*i - 0*i. Suppose 5*h + u = -7, h + x*u + 9 = -0. Let r(b) = 0*b**2 + b**2 - 83*b + 7*b**3 + 84*b. Calculate r(h).
-7
Let t(c) = -3*